vative of m**5/20 - m**4/3 - m**3/2 + m**2/2 + 279*m. Give k(f).
-11
Let h(s) = -s**3 + 5*s**2 - 2*s + 5. Let b(c) = -17*c - 1. Let f be b(-1). Let p = -11 + f. Determine h(p).
-5
Suppose 4*g + 5 - 21 = 0. Let p(x) = 3*x - 1. Give p(g).
11
Suppose -4*w = -11 - 5. Suppose 3*i = -w + 1. Let c(d) be the second derivative of -4*d**5/5 + d**3/6 + d**2/2 + 11*d - 2. What is c(i)?
16
Suppose -4*c = -5*r + 16, 5*c - 17 = 4*c - 4*r. Let l(d) = 13*d**3 - 2*d**2 + d. What is l(c)?
12
Let w(z) = z + 6. Let u be (21/6 - 1)/(45/108). Let o be u/(-33) + (-342)/(-66). Give w(o).
11
Let m(a) = -6*a + 13. Let f(t) = -7*t + 20. Let n(o) = -4*f(o) + 5*m(o). Give n(5).
-25
Let j(w) = 149*w - 290*w + 4 + 142*w - 1. Suppose 5*i - 18 = 2*v - 3, -2*i - 3 = v. Suppose -i = -m - 5. Give j(m).
-1
Let h(t) = -5*t**2 + 93*t - 14. Let w(x) = -3*x**2 + 59*x - 9. Let b(m) = 5*h(m) - 8*w(m). Determine b(5).
-58
Let u(v) = 1. Let t(q) = -3*q + 1. Let g(a) = t(a) + 4*u(a). Let w(n) = n - 1. Let p(m) = g(m) + 4*w(m). Let j(h) = -h + 4. Let b be j(6). Give p(b).
-1
Let y(g) = -g**2 - g + 38. Let v be y(0). Let x(f) = -21 - 2*f - 14 + v. Determine x(4).
-5
Let y(i) be the second derivative of i**3/6 + 3*i**2/2 - i. Let o = 679 + -685. Determine y(o).
-3
Let g = 5 + -4. Let s(i) = -i + g - 1. Let l(p) = -p**2 + 9*p - 3. Let u be l(9). What is s(u)?
3
Let n(m) = m**3 - 4*m**2 + 33*m + 75. Let a be n(-2). Let q(w) = -2*w**2 - 31*w - 10. Give q(a).
5
Let g(a) = -a**3 + 6*a**2 + 6*a + 5. Let w be -1 + (7 + -4 - -1). Suppose -i = -4 - w. Determine g(i).
-2
Let n be (4/10)/(4/40). Suppose -3*y = 2*g - 4*y - 3, -4*y + 12 = n*g. Let c(t) = 3*t**3 + 6*t**g + 0 - 3*t**3 + t**3 + 8 + 2*t. Calculate c(-6).
-4
Let k = 845 - 831. Let z(r) = r - 1. Determine z(k).
13
Let f(b) = -b**3 + 8*b**2 + 7*b + 19. Suppose -588*j = -612*j + 216. What is f(j)?
1
Let h = 8 - 5. Let i be ((-2)/(-8))/(-9 + (-481)/(-52)). Suppose 2 = 5*v + h*z, -v + i + 4 = -4*z. Let c(t) = 2*t. Calculate c(v).
2
Let c(m) be the second derivative of 3*m**5/20 + m**4/12 + 11*m**2/2 + m. Let x(z) = 7*z**3 + 3*z**2 + 23. Let o(j) = -5*c(j) + 2*x(j). Determine o(0).
-9
Let b(y) = 6*y + 16. Let h(o) = -3. Let z(i) = -b(i) - 4*h(i). Determine z(4).
-28
Let x = 56 + -46. Suppose 3*k - x = 2*h, 0*h = -4*k - 3*h - 15. Let i(y) be the second derivative of y**4/12 - y**2/2 + y. Calculate i(k).
-1
Let n(a) be the third derivative of -a**6/120 + a**5/15 + a**4/6 - 2*a**3/3 - 233*a**2 + 2*a. What is n(4)?
12
Let x(z) = -377*z**2 + 2*z + 385*z**2 - 7 - z**3 - 2*z. Give x(8).
-7
Let z(l) = 31*l - 3 - 14*l - 21*l + 9. Let m(g) = -6*g + 12. Let j(w) = w + 1. Let s(q) = -j(q) + m(q). Let x(o) = -3*s(o) + 5*z(o). Give x(7).
4
Suppose 3*o = -5 + 62. Let y(l) = -o + 37 + 4*l - 17. Suppose 5*r + 2 = 4*r. Calculate y(r).
-7
Suppose -5 = -y - 0. Suppose 0 = y*s - 22 + 2. Let d(a) = -a**3 + 4*a**2 + 2*a - 2. Give d(s).
6
Let q(k) = -5*k - 22. Let s(z) = z + 3. Let r(d) = -2*q(d) - 9*s(d). Calculate r(-10).
7
Let k(n) = -n**3 + n**2 - n + 4. Let x(s) = -6*s**2 + s + 2. Let o be x(-1). Let p be o/((-20)/12) - (-1 + 4). Calculate k(p).
4
Let l(n) = 5 - 5 + 0*n - 2*n. Suppose 0 = w - f, 2*f - 19 = -4*w + 5. Give l(w).
-8
Let x(s) = -3*s - 1. Let y be 13*1/13*(-22)/2. Determine x(y).
32
Let f(u) = -u**3 - 9*u**2 - 15*u - 9. Let p be f(-7). Let c(b) be the third derivative of -b**4/12 - b**3/3 - b**2. Calculate c(p).
2
Let s(p) = -13 + 2*p - 9990*p**2 + 11 + 9989*p**2. Suppose -2*m = -3*m + 4. What is s(m)?
-10
Let l be 1 + 1 + -39 + -4. Let q = l + 36. Let s(c) = 3*c + 3*c - 2*c + c**2 - 2. Calculate s(q).
3
Let p(d) = 5*d - 2*d**2 - 10 + 10. Suppose 0 = 3*g - y - 17 + 10, 0 = -4*g + 4*y - 4. Calculate p(g).
-12
Let m(a) = a**3 + a**2 - a + 3. Let i be 1*-1*(0/(-9))/(-4). Calculate m(i).
3
Let l be (-1 + 8/4)*7. Let r(b) = b**3 - 7*b**2 + 2. Let i be r(l). Let g(s) = 5*s + 2. Give g(i).
12
Let f(t) = -t**3 - 8*t**2 - 3. Let k be 52/(-3)*(3 + -6). Suppose k - 68 = 2*y. What is f(y)?
-3
Let y(z) = -z + 2. Let r = -129 - -126. Calculate y(r).
5
Let i(c) = -c**2 - 3*c - 1. Suppose 6*d - 92 = 2*d. Let r = d + -11. Suppose -3*p - 5*l + 14 = -0*l, -5*l = 4*p - r. What is i(p)?
1
Let a(t) = 5*t - 51 + 24 + 26. Let i be 5/(-7) - 24/84. What is a(i)?
-6
Let r(q) be the second derivative of -q**4/12 - q**3/3 + 3*q**2/2 + 4*q. Let j(v) = v**3 + 6*v**2 + v + 8. Let u be j(-6). Determine r(u).
-5
Let z(x) be the second derivative of x**4/12 - 13*x**3/6 + 8*x**2 - 19*x. What is z(12)?
4
Let j = -1 + 10. Suppose 2*b + j = 5*b. Let o(t) = -3*t**2 + t**3 + 4 - 3*t - 2*t + 0*t**3. Give o(b).
-11
Let a(w) = -w**2 - 6*w + 4. Suppose 3*p + 11*x - 6*x = 0, 5*p - 3*x = 0. Suppose p*m - 32 = 4*m + 4*j, -2*m + j = 7. Determine a(m).
9
Let v(i) be the first derivative of 3*i**3 - 2*i**2 - 3*i + 29. Let x(o) = 8*o**2 - 3*o - 3. Let s(n) = 6*v(n) - 7*x(n). Calculate s(-3).
-6
Let g(t) be the third derivative of -t**6/360 - t**5/60 + t**4/6 - 29*t**2. Let z(q) be the second derivative of g(q). Calculate z(-4).
6
Suppose -6*d = -2*d - 8. Let q(v) = 4 + 13*v**d - 11*v**2 - 3. What is q(-1)?
3
Let d(q) = q**3 - 5*q**2 + 4*q + 4. Let h be d(4). Let g(a) = a**2 + 22*a + 3. Let c(n) = -2*n**2 - 53*n - 6. Let t(j) = 3*c(j) + 7*g(j). Determine t(h).
-1
Let b be 54/9*(-14)/(-4). Let y be (b/(-12) + (-1)/(-4))*-4. Let w(q) = q**3 - 5*q**2 - 7*q + 1. What is w(y)?
-5
Let u = -108 + 108. Let h(y) = 16*y - 27. Let l(b) = -3*b + 5. Let o(c) = 2*h(c) + 11*l(c). Determine o(u).
1
Let n = 22 - -36. Let b(v) = n*v + v**2 + 61*v - 118*v. Let a(i) = -4*i + 1. Let y be a(1). Give b(y).
6
Let g(y) be the second derivative of y**5/20 + y**4/12 + 178*y. What is g(-2)?
-4
Let v(h) = -h**3 + 7*h**2 - 5*h - 8. Let f be 5/((-30)/(-27)) + (-30)/(-20). What is v(f)?
-2
Let k(d) = 23 - 3 + d**2 + d**3 - 16. Let r = -3 - 0. Let i = r - 0. What is k(i)?
-14
Let m(n) = -n**3 - 15*n**2 - 2*n - 34. Let c = -777 + 762. Determine m(c).
-4
Let o(z) = -10*z - 3*z + z**2 - 61 + 7*z**2 + 22 - 9*z**2. What is o(-9)?
-3
Let o(p) = -p**3 - 3*p**2 - 2*p + 1. Let f = 20 - 14. Let k = f - 4. Suppose 4*z - 3*y = 2*z - 6, 2*z = k*y - 6. Give o(z).
7
Let o(m) = m + 5. Let y = -9 - -14. Suppose -4*c - 3*g = 31, 0 = 2*c + 5*g - y + 38. Let p be o(c). Let b(w) = -4*w**2 + w. What is b(p)?
-3
Let r(a) = -5*a**3 - 6*a**2 + 2*a + 1. Let w(h) = -2*h**3 - h**2 + 1. Let u(d) = -r(d) + 3*w(d). Let g(p) = -p**3 + 7*p**2 - 5*p - 4. Let c be g(6). Give u(c).
2
Suppose 2*l = -0*l + 58. Let h = 33 - l. Let u(f) = -2*f**2 + 5*f - 1. What is u(h)?
-13
Let q be (-8 - -64)/8 + 1. Let d(y) = y**3 - 9*y**2 + 12*y - 19. Calculate d(q).
13
Let q(r) = r**2 - 9. Let y be q(4). Let t be (y + -10)*8/(-6). Let j(x) = 2*x - 5. Give j(t).
3
Let u(z) = -z**2 + 8*z - 4. Let b be 176/30 + 0 - (-44)/330. Let f be ((-5)/b)/((-10)/60). What is u(f)?
11
Let x(l) = 3*l**2 + l - 3. Let q(t) = t**3 - 3*t**2 - 5*t + 19. Let o(m) = m**3 - 3*m**2 - 4*m + 18. Let v(w) = 4*o(w) - 5*q(w). Let g be v(4). What is x(g)?
21
Let m(c) be the second derivative of 0 + 1/2*c**2 - 1/6*c**3 + 4*c. Suppose 0*l - 12 = -3*l - 2*j, 4*l - 9 = -5*j. What is m(l)?
-5
Let z(i) = 2*i**3 - 3*i**3 + 1232 + 7*i**2 - 1238. Give z(7).
-6
Suppose -3*z - z = 0. Let g(r) be the third derivative of -r**5/120 - 7*r**4/24 + 13*r**3/6 + r**2. Let f(n) be the first derivative of g(n). Give f(z).
-7
Let o = 55 + -59. Let i be (o/24)/((-1)/3)*0. Let q(s) = s**2 - 2. What is q(i)?
-2
Let a(h) = -761*h - 8 + h**2 - 767*h + 1520*h. Determine a(9).
1
Let k(z) = z**3 + 7*z**2 - 8*z + 9. Let n(b) = -2*b**3 - 7*b**2 + 9*b - 10. Let q(r) = -3*k(r) - 2*n(r). Let h be 9/2 + 65/(-10) + 8. Determine q(h).
-7
Let c(n) = n**2 - 4*n + 1. Let r(v) = v**2 + 5*v - 1. Let i be (-82)/14 + (-5)/35. Let m be r(i). Give c(m).
6
Let t(c) = -c**2 + 4*c. Suppose 3*r = -3*l + 21, -l = -3*r + 2 - 1. Suppose 0*y + 8 = r*y. Suppose 7*w - y*d = 2*w - 1, -3*d + 27 = 5*w. Calculate t(w).
3
Let g(d) = -6*d + d**2 - d**3 + 15*d - 8*d + 4. Determine g(-2).
14
Suppose 0 = 2*j + 4, 12 = 3*a - 7*a + 4*j. Let r(g) = -9 + 4*g + 0*g + 4 - 1 + g**2. Give r(a).
-1
Let p = -296 - -300. Let j(n) = 7*n + 5. Let l(v) = -3*v - 2. Let x(w) = 2*j(w) + 5*l(w). Calculate x(p).
-4
Let d(v) = -9*v**2 - 16*v + 9. Let l be d(-2). Let j(u) = u**2 - 4*u - 5. Calculate j(l